{"id":8,"date":"2023-03-24T16:57:30","date_gmt":"2023-03-24T15:57:30","guid":{"rendered":"http:\/\/bialoleckibieglesny.time-sport.pl\/?page_id=8"},"modified":"2025-03-03T13:11:22","modified_gmt":"2025-03-03T12:11:22","slug":"informacje","status":"publish","type":"page","link":"http:\/\/bialoleckibieglesny.time-sport.pl\/","title":{"rendered":"Informacje"},"content":{"rendered":"\n<p><\/p>\n\n\n\n<p class=\"has-text-align-center\"><strong>Bia\u0142o\u0142\u0119cki Bieg Le\u015bny<\/strong> to wydarzenie sportowe kt\u00f3re zosta\u0142o z entuzjazmem przyj\u0119te przez uczestnik\u00f3w pierwszej edycji. <\/p>\n\n\n\n<p class=\"has-text-align-left\">W kalendarzu imprez biegowych organizowanych przez <strong>Urz\u0105d Dzielnicy Bia\u0142o\u0142\u0119ka<\/strong> to zawody rozpoczynaj\u0105ce sezon biegowy.<br>Pi\u0119kne le\u015bne \u015bcie\u017cki Bia\u0142o\u0142\u0119ki Dworskiej, kr\u00f3tki dystans oraz pocz\u0105tek wiosny zach\u0119c\u0105 do startu zar\u00f3wno do\u015bwiadczonych biegaczy, jak i osoby rozpoczynaj\u0105ce swoj\u0105 przygod\u0119 z bieganiem.<\/p>\n\n\n\n<p><br><strong>13 kwietnia 2025 r. (niedziela)<\/strong> dok\u0142adnie o <strong>godz. 10:00<\/strong> biegacze stan\u0105 na linii startu przy<br>ul. Cie\u015blewskich \/ Ciupagi i pobiegn\u0105 tras\u0105 w\u015br\u00f3d drzew i wydm. Dystans biegu wynosi 5 kilometr\u00f3w w 2 p\u0119tlach po 2,5 km. Limit uczestnik\u00f3w to 400 os\u00f3b. W pakiecie uczestnicy otrzymaj\u0105 \u017cele i batony energetyczne od sklepu Decathlon, kt\u00f3ry zosta\u0142 Partnerem wiosennego wydarzenia. Na mecie wszyscy startuj\u0105cy otrzymaj\u0105 pami\u0105tkowe medale oraz wod\u0119 i owoce. Limit czasu na pokonanie pe\u0142nego dystansu wynosi 45 minut.<\/p>\n\n\n\n<p class=\"has-text-align-center has-vivid-red-color has-text-color has-link-color has-medium-font-size wp-elements-836424da35aba2fae1b7018b295e4504\"><br><strong>Aby wzi\u0105\u0107 udzia\u0142 w klasyfikacji Decathlon nale\u017cy zapisa\u0107 si\u0119 r\u00f3wnie\u017c na Bieg poprzez link umieszczony poni\u017cej<\/strong><\/p>\n\n\n\n<p class=\"has-text-align-center\"><strong> <\/strong><a href=\"https:\/\/go.decathlon.pl\/l\/Bia%C5%82o%C5%82%C4%99cki-Bieg-Le%C5%9Bny---Klasyfikacja-Decathlon\/3c89c2c9-bb07-421c-b65b-900e884d3665\">ZAPISZ SI\u0118!<\/a><\/p>\n\n\n\n<p><br>Oto trzy argumenty, dla kt\u00f3rych warto wzi\u0105\u0107 udzia\u0142 w <strong>III Bia\u0142o\u0142\u0119ckim Biegu Le\u015bnym<\/strong>:<\/p>\n\n\n\n<ol class=\"wp-block-list\">\n<li>Aktywno\u015b\u0107 na \u015bwie\u017cym powietrzu: Bieganie na \u015bwie\u017cym powietrzu, zw\u0142aszcza w\u015br\u00f3d drzew, jest nie tylko zdrowe dla cia\u0142a, ale tak\u017ce dla umys\u0142u. Mo\u017ce to by\u0107 doskona\u0142a okazja do po\u0142\u0105czenia treningu z relaksem na \u0142onie natury.<\/li>\n\n\n\n<li>Rozpocz\u0119cie sezonu biegowego: Bieg jest doskona\u0142ym sposobem na rozpocz\u0119cie sezonu biegowego. Mo\u017cesz sprawdzi\u0107 swoj\u0105 form\u0119 po zimie i ustali\u0107 cele na nadchodz\u0105cy sezon.<\/li>\n\n\n\n<li>Integracja z lokaln\u0105 spo\u0142eczno\u015bci\u0105: Udzia\u0142 w biegu to \u015bwietna okazja do integracji z lokaln\u0105 spo\u0142eczno\u015bci\u0105 biegaczy. Mo\u017cesz pozna\u0107 nowych ludzi, wymieni\u0107 si\u0119 do\u015bwiadczeniami i nawi\u0105za\u0107 nowe znajomo\u015bci.<\/li>\n<\/ol>\n\n\n\n<p>W imieniu Organizatora, Dzielnicy Bia\u0142o\u0142\u0119ka m.st. Warszawy, serdecznie zapraszamy do udzia\u0142u w <strong>III Bia\u0142o\u0142\u0119ckim Biegu Le\u015bnym<\/strong>!<\/p>\n\n\n\n<figure class=\"wp-block-image aligncenter size-large\"><img loading=\"lazy\" decoding=\"async\" width=\"1024\" height=\"188\" src=\"https:\/\/bialoleckibieglesny.time-sport.pl\/wp-content\/uploads\/2024\/02\/Pasek_Logo_Obszar-roboczy-1-1024x188.png\" alt=\"\" class=\"wp-image-121\" srcset=\"http:\/\/bialoleckibieglesny.time-sport.pl\/wp-content\/uploads\/2024\/02\/Pasek_Logo_Obszar-roboczy-1-1024x188.png 1024w, http:\/\/bialoleckibieglesny.time-sport.pl\/wp-content\/uploads\/2024\/02\/Pasek_Logo_Obszar-roboczy-1-300x55.png 300w, http:\/\/bialoleckibieglesny.time-sport.pl\/wp-content\/uploads\/2024\/02\/Pasek_Logo_Obszar-roboczy-1-768x141.png 768w, http:\/\/bialoleckibieglesny.time-sport.pl\/wp-content\/uploads\/2024\/02\/Pasek_Logo_Obszar-roboczy-1.png 1200w\" sizes=\"auto, (max-width: 1024px) 100vw, 1024px\" \/><\/figure>\n\n\n\n<p><\/p>\n","protected":false},"excerpt":{"rendered":"<p>Bia\u0142o\u0142\u0119cki Bieg Le\u015bny to wydarzenie sportowe kt\u00f3re zosta\u0142o z entuzjazmem przyj\u0119te przez uczestnik\u00f3w pierwszej edycji. W kalendarzu imprez biegowych organizowanych przez Urz\u0105d Dzielnicy Bia\u0142o\u0142\u0119ka to zawody rozpoczynaj\u0105ce sezon biegowy.Pi\u0119kne le\u015bne \u015bcie\u017cki Bia\u0142o\u0142\u0119ki Dworskiej, kr\u00f3tki dystans oraz pocz\u0105tek wiosny zach\u0119c\u0105 do<\/p>\n","protected":false},"author":1,"featured_media":0,"parent":0,"menu_order":0,"comment_status":"closed","ping_status":"closed","template":"","meta":{"footnotes":""},"class_list":["post-8","page","type-page","status-publish","hentry"],"_links":{"self":[{"href":"http:\/\/bialoleckibieglesny.time-sport.pl\/index.php\/wp-json\/wp\/v2\/pages\/8","targetHints":{"allow":["GET"]}}],"collection":[{"href":"http:\/\/bialoleckibieglesny.time-sport.pl\/index.php\/wp-json\/wp\/v2\/pages"}],"about":[{"href":"http:\/\/bialoleckibieglesny.time-sport.pl\/index.php\/wp-json\/wp\/v2\/types\/page"}],"author":[{"embeddable":true,"href":"http:\/\/bialoleckibieglesny.time-sport.pl\/index.php\/wp-json\/wp\/v2\/users\/1"}],"replies":[{"embeddable":true,"href":"http:\/\/bialoleckibieglesny.time-sport.pl\/index.php\/wp-json\/wp\/v2\/comments?post=8"}],"version-history":[{"count":16,"href":"http:\/\/bialoleckibieglesny.time-sport.pl\/index.php\/wp-json\/wp\/v2\/pages\/8\/revisions"}],"predecessor-version":[{"id":148,"href":"http:\/\/bialoleckibieglesny.time-sport.pl\/index.php\/wp-json\/wp\/v2\/pages\/8\/revisions\/148"}],"wp:attachment":[{"href":"http:\/\/bialoleckibieglesny.time-sport.pl\/index.php\/wp-json\/wp\/v2\/media?parent=8"}],"curies":[{"name":"wp","href":"https:\/\/api.w.org\/{rel}","templated":true}]}}